alse
Let b(o) = o**3 - 3*o**2 - o - 10. Let s be b(4). Suppose -s*f - 13 = -3, 5*p = -4*f + 15375. Is p a composite number?
False
Let j be 409/(7 + -5 + -1). Let x = -320 + j. Is x a prime number?
True
Is -7 + 58911520/88 + (-2)/22 a prime number?
False
Let o = 1964 - 1948. Let i = 60 - -205. Is i - (2 + o/(-4)) a composite number?
True
Let l be 20/((-6 - -8)/1). Let d(j) = 2*j**3 + 7*j**2 - 3*j - 41. Is d(l) a prime number?
False
Suppose 35067 = 24*y - 42285. Suppose -5*r + y = -9142. Is r prime?
True
Suppose 60 = -22*i + 17*i. Let g(k) = 3*k + 46. Let t be g(i). Suppose -f = -t*f + 4329. Is f a prime number?
False
Let s = -17 + 10. Let x(r) = -530*r + 119. Is x(s) a composite number?
True
Is 82/205 + (-15592365)/(-25) prime?
False
Suppose 11*d - 2*d - 108 = 0. Let u be (4/d)/(4/48). Is 294 - 4/16*u composite?
False
Suppose 0 = -4*w - s - 121836 - 67181, w + 2*s = -47249. Is (3 - w/(-15))*(-3)/2 composite?
False
Let a(q) = -6*q - 43. Let j be a(-9). Suppose 3 = -3*w, -8*w + j*w = c - 1534. Is c prime?
True
Let h(y) = y**3 - 18*y**2 + 21*y - 11. Let p be h(15). Let j = p + 1447. Suppose -2*r = j - 4070. Is r a composite number?
True
Let m = 71 - 65. Suppose 0 = -2*r - 2*x, -4*r - 2*x + x + m = 0. Suppose 0 = d - 3*t - 1976, -r*t - 1991 = -d - 4*t. Is d a composite number?
True
Suppose 0 = -10*y + 15*y + 5. Let k(o) = 2*o + 2. Let q be k(-12). Is q + 21 + y + 711 a composite number?
False
Suppose -8*p - 72 = -0. Let f be (-822)/(-9)*5/((-30)/p). Suppose 0 = -5*g + g - 3*v + f, 3*v + 15 = 0. Is g a prime number?
False
Let t(v) = 2*v - 8. Suppose -4*i + 14 + 6 = 0. Let p be t(i). Suppose 12166 = 5*n + 3*k, 0*n - k - 4873 = -p*n. Is n prime?
False
Let t(b) = 9*b - 52. Let h be t(6). Suppose 0 = 3*n - 3*m - 6, h*m + 6 = -2*n + 14. Suppose -n*k - u + 244 = 0, k - 2*u - 77 = 16. Is k prime?
True
Is (-1)/(12/(-1345544))*(-5 - (-65)/10) a prime number?
True
Let m(o) = -4 + 7 - 57*o + 3 + 2 + 7 + 655*o**2. Is m(-10) a composite number?
True
Let w(k) = 325*k**2 + 22*k - 142. Is w(7) a prime number?
True
Suppose -3*d + 8560 = 1465. Let u = d + -1628. Is u prime?
False
Suppose b + 181 = 3*r, -11*r = -13*r + 4*b + 114. Suppose -r*d + 66*d = 8195. Is d prime?
False
Let v(l) = -704*l + 76. Let n be v(-24). Suppose -17*m = -n - 181. Is m a composite number?
False
Suppose 12*q - 88 = q. Suppose 3*f + p - 158 = 0, -f = -q*p + 3*p - 58. Is f composite?
False
Suppose 3*b - 2*b - 326950 = -3*q, 1307611 = 4*b - 9*q. Is b a composite number?
False
Let o(w) = 88*w**2 + w. Let t(y) = -4*y**2 - 19*y + 10. Let c(a) = -5*a**2 - 18*a + 9. Let u(q) = -2*c(q) + 3*t(q). Let k be u(-11). Is o(k) a prime number?
True
Let q(o) = -265*o**3 + 7*o**2 - 30*o - 170. Is q(-6) composite?
True
Suppose 1021470 = 20*f + 3*f - 2162029. Is f a composite number?
True
Suppose -4*k + 3*v = -577349 + 16882, k - 5*v = 140138. Is k a prime number?
False
Let c(i) be the third derivative of i**5/30 - 7*i**4/12 + 73*i**3/6 - 55*i**2 - 2. Is c(-29) a composite number?
False
Let s(y) = 59*y - 436. Is s(57) a prime number?
True
Let g be (168/(-140))/(13/10 - 1). Is 24010/20 - (6/g + 3) a prime number?
False
Let r(h) = -3293*h - 649. Is r(-6) a prime number?
False
Let u(d) = 9581*d + 368. Is u(31) composite?
True
Suppose -20*f = -13*f - 42. Suppose 0 = -f*i + 3025 + 71633. Is i composite?
True
Let a(u) = 427*u + 761. Is a(8) a composite number?
False
Suppose -6 - 14 = -4*n. Suppose 14710 = n*d + f - 6*f, -3*f - 9 = 0. Is d a composite number?
False
Let b(c) = 25*c**2 - 1400*c - 14. Is b(95) prime?
False
Is 148/222 - (-347282)/6 composite?
False
Suppose 0 = 3*i - 2*w - 16501, 0 = 4*i - 2*w - 19253 - 2749. Is i/(-1)*9/(-9) a prime number?
True
Let q = 59944 + 114405. Is q a composite number?
True
Suppose -4*d - 3*c - 59 - 5 = 0, 0 = -d + c - 9. Let x(a) = -4*a - 49. Let k be x(d). Suppose -k*m + 5*g - 2056 = -5808, -m + 3*g = -1252. Is m a prime number?
True
Let q(w) be the third derivative of w**6/120 + 11*w**5/20 - 2*w**4 - 43*w**3/6 - 75*w**2 + 2. Is q(-21) prime?
True
Let s be 4/(-10) + 13028/20. Let v be 60 - (20 - 0)/4. Suppose -2*k = v - s. Is k a prime number?
False
Let g = 25 + -9. Let h = -2894 - -2892. Is (g + -35)/(h/46) a composite number?
True
Suppose g = -g + 154. Is 68439/g + 2/11 a prime number?
False
Let p be 4*(3093/(-3) + 0) - -3. Let j = p + 6898. Is j composite?
False
Suppose -49*k = -71190 - 1114316. Is k a composite number?
True
Suppose i = -7*i + 152. Suppose -54329 = 8*m - i*m. Is m prime?
False
Suppose -10*j = 17*j + 17*j - 46665564. Is j a prime number?
False
Suppose 3*u - 1627594 = u - h, -3*u + 2*h = -2441391. Is u a prime number?
True
Let b = -46 - -59. Suppose -b = -4*c - 409. Is (807/(-2))/(3 + c/30) prime?
False
Let m(s) = 1092*s - 1062. Let k be m(1). Let a = -20 - -8. Is (k/a)/(-5)*1028 a prime number?
False
Suppose 0 = 5357*g - 5353*g - 1006244. Is g composite?
False
Suppose 2012*g - 1848*g - 59460988 = 0. Is g a composite number?
True
Let a(f) = 30*f**3 - 449*f**2 - 38*f + 69. Is a(44) prime?
False
Let c(k) = -12*k - 166. Let w be c(-12). Is -21 - w - 4*-4780 composite?
False
Is ((-17930236)/116)/(-2 + 1) prime?
True
Let n(h) = h - 4. Let w be ((-15)/(-3) - -3) + (-1)/1. Let k be n(w). Suppose -k*d + 3051 + 282 = 0. Is d a composite number?
True
Let n be (146/30 - 1) + (-48)/(-360). Is ((-72)/15 + 5)/(n/1060) a prime number?
True
Suppose 35*y - 3791733 = -3*v + 29*y, 4*v + 5*y = 5055620. Is v a prime number?
False
Let l = -2769 + 5204. Suppose -l = -4*p + 2201. Is p prime?
False
Let r(m) = 192*m**2 - 94*m + 27. Is r(8) a composite number?
True
Let m = -199 - -198. Let a(p) = 249*p**2 - 6*p - 4. Is a(m) a composite number?
False
Let a be (87742/16 - (-30)/(-80))*4. Suppose 0 = 6*f - a - 7040. Is f composite?
True
Let j be (-12)/1*12/18. Let l(r) be the third derivative of r**5/12 - r**4/8 - r**3/2 + 9*r**2. Is l(j) a prime number?
False
Suppose 18*z - 22*z = -72. Suppose c + z = 4*o, 3*o = 5*c - 1 + 6. Suppose c*n - n + 41 = g, -3*g + 2*n = -119. Is g a composite number?
False
Let z(x) = -4987*x + 97. Is z(-16) composite?
False
Suppose -37649 = -o + w, 23*o = 20*o + 4*w + 112953. Is o composite?
False
Let m be 2/(-1) + (0 - -1059). Suppose -13*v = -21*v - 43*v - 24174. Let h = v + m. Is h a composite number?
True
Is 1*(-3927230)/((-180)/18) composite?
False
Let o(h) = 51*h**2 - 11*h + 25. Let t = -36 - -36. Suppose -2*k + 6 = 2*a - t, -5*a = 5. Is o(k) a composite number?
False
Suppose 0 = -r, 3*s - 7375 = 2*r - 1519. Let m = s + -1099. Is m prime?
True
Is ((36/(-16))/((-45)/(-120)) - -13399) + 4 prime?
True
Suppose 0 = 3*d + 2*p - 82, -72 = -3*d + d + 3*p. Suppose -21*c = -18*c - d. Is (35/c + -3)*530 composite?
True
Let p be -1*1136/4*1*42. Let n = -5125 - p. Is n a prime number?
True
Let q be 50/100 + (-8343)/2. Let u = 6186 - q. Is u a prime number?
True
Let i = 4000 + 10951. Is i a prime number?
True
Suppose 19*z - 20*z = 464. Let k = z - -3053. Is k composite?
True
Let m(p) = -9110*p**3 - 6*p**2 - 6*p - 2. Is m(-2) prime?
False
Let v(f) = 2*f**2 + f + 4. Let n be v(-17). Suppose n + 1140 = 5*u. Let w = -162 + u. Is w a composite number?
False
Let w(o) = -o**3 - o**2 + 3*o + 1. Let l be w(-2). Is l*(-4127)/3*3 prime?
True
Is (572432 + -61)/(1 - 0) composite?
True
Let v(a) = 134*a**2 + 19*a + 31. Let c(o) = -134*o**2 - 20*o - 32. Let z(x) = -6*c(x) - 5*v(x). Is z(-12) prime?
False
Suppose -4*v + 96 = -8*v. Is (3862/2)/(-23 - v) prime?
True
Suppose -21 = -12*g + 39. Suppose 4*d = -12, 5*t = -g*d + d + 34003. Is t a prime number?
True
Suppose -5*w = v - 11, -4*w = 4*v - w - 44. Suppose 19*g = v*g + 3144. Is g composite?
True
Let m = -78 + 85. Suppose 3*j + g = 6, -4*j - m = -2*g - 15. Suppose 0 = -j*v + z + 732, 2*z - 742 = -2*v - 2*z. Is v a prime number?
True
Let z(p) = 20*p**3 + p**2. Let l be z(1). Is 18/(-63) + ((-146523)/l)/(-1) composite?
False
Suppose 126*s = -357*s + 130404687. Is s prime?
False
Let w(m) = 30*m**2 + m - 6. Let x(d) = 24 + d**2 + 22 - 43 + d. Let c be x(-2). Is w(c) a composite number?
True
Let n = -544 + 542. Let l(w) = 25*w**2 + 4*w + 7. Let u(s) = -24*s**2 - 4*s - 6. Let z(p) = -3*l(p) - 4*u(p). Is z(n) composite?
False
Let w(r) = 211843*r**2 + r + 15. Is w(1) composite?
False
Let q(f) = 4*f**3 + 17*f**2 + 20*f + 8. Let a be q(12). Su